e
Is 6239 a composite number?
True
Is 7601 a composite number?
True
Is 2389 prime?
True
Is 13891 prime?
False
Is 9131 composite?
True
Is 201409 prime?
False
Is 363481 a prime number?
True
Is 63823 a prime number?
True
Is 150663 composite?
True
Is 5461 composite?
True
Is 341347 a composite number?
False
Is 319427 a prime number?
True
Is 3821 prime?
True
Is 24439 composite?
False
Is 2111 prime?
True
Is 744071 composite?
False
Is 166 a composite number?
True
Is 736234 composite?
True
Is 72401 a composite number?
True
Is 97259 composite?
False
Is 9014 prime?
False
Is 226843 a composite number?
False
Is 9017 a prime number?
False
Is 31039 composite?
False
Is 122269 composite?
True
Is 6719 composite?
False
Is 50353 a composite number?
True
Is 97459 a prime number?
True
Is 183283 a prime number?
True
Is 50989 prime?
True
Is 1636093 composite?
True
Is 16087 a composite number?
False
Is 29717 a composite number?
False
Is 7639 a composite number?
False
Is 57671 a prime number?
False
Is 314 a composite number?
True
Is 25913 a composite number?
False
Is 6143 prime?
True
Is 326 prime?
False
Is 4861 composite?
False
Is 82 prime?
False
Is 82339 a composite number?
False
Is 5749 a prime number?
True
Is 16879 composite?
False
Is 4061 a composite number?
True
Is 126215 composite?
True
Is 226079 a composite number?
True
Is 2317 prime?
False
Is 173473 a composite number?
False
Is 1301537 a prime number?
False
Is 474413 prime?
True
Is 481853 a prime number?
False
Is 83 prime?
True
Is 186007 a prime number?
True
Is 487 composite?
False
Is 1415 a composite number?
True
Is 47423 prime?
False
Is 55135 prime?
False
Is 5567 prime?
False
Is 85859 prime?
False
Is 49727 a composite number?
False
Is 238859 a composite number?
False
Is 22433 a prime number?
True
Is 5419 a composite number?
False
Is 85987 composite?
True
Is 20803 prime?
False
Is 97649 a composite number?
False
Is 151337 a prime number?
True
Is 323557 a prime number?
False
Is 106451 composite?
False
Is 97 composite?
False
Is 14923 a prime number?
True
Is 22457 a composite number?
True
Is 352069 composite?
False
Is 5921 prime?
False
Is 631 a composite number?
False
Is 417103 a composite number?
True
Is 625477 a composite number?
False
Is 997331 a composite number?
True
Is 20593 prime?
True
Is 1497493 a prime number?
True
Is 41533 composite?
True
Is 84207 prime?
False
Is 189463 composite?
False
Is 300461 a prime number?
False
Is 76801 a prime number?
True
Is 492335 a prime number?
False
Is 27613 a composite number?
True
Is 39539 a composite number?
True
Is 518603 a composite number?
True
Is 135833 composite?
True
Is 26843 a prime number?
False
Is 100411 prime?
True
Is 388253 composite?
False
Is 19634 a prime number?
False
Is 9651 a composite number?
True
Is 35691 prime?
False
Is 148793 a prime number?
True
Is 1147127 a prime number?
True
Is 1448171 composite?
False
Is 1272329 composite?
False
Is 9997 composite?
True
Is 502 prime?
False
Is 777031 prime?
True
Is 911 a composite number?
False
Is 905449 prime?
True
Is 15479 a composite number?
True
Is 307337 a composite number?
False
Is 14281 a composite number?
False
Is 1657 a composite number?
False
Is 9647 a prime number?
False
Is 32713 prime?
True
Is 485753 prime?
True
Is 2773 a prime number?
False
Is 69949 prime?
False
Is 103051 a composite number?
True
Is 97 a composite number?
False
Is 28807 prime?
True
Is 20939 a composite number?
False
Is 171697 prime?
True
Is 7801 prime?
False
Is 6411 composite?
True
Is 14941 composite?
True
Is 11329 prime?
True
Is 2927 composite?
False
Is 493769 prime?
False
Is 1005931 composite?
False
Is 98755 a composite number?
True
Is 465301 a prime number?
False
Is 104613 a prime number?
False
Is 109393 a prime number?
False
Is 2253 a composite number?
True
Is 1420663 a composite number?
True
Is 14081 prime?
True
Is 78977 a prime number?
True
Is 196913 composite?
True
Is 40799 composite?
True
Is 792257 a prime number?
True
Is 1014383 composite?
True
Is 11777 a prime number?
True
Is 603481 a composite number?
True
Is 45523 a prime number?
True
Is 876171 prime?
False
Is 78091 a prime number?
False
Is 28727 prime?
False
Is 431227 composite?
True
Is 325373 composite?
True
Is 8999 composite?
False
Is 5627 a prime number?
False
Is 8209 a composite number?
False
Is 50311 a prime number?
True
Is 515779 a prime number?
False
Is 36919 a prime number?
True
Is 359837 a prime number?
True
Is 2901 prime?
False
Is 25057 a prime number?
True
Is 192503 a prime number?
False
Is 420671 prime?
True
Is 2321 composite?
True
Is 12289 prime?
True
Is 2129 composite?
False
Is 1367 a composite number?
False
Is 529495 a composite number?
True
Is 14923 a composite number?
False
Is 224362 composite?
True
Is 53893 composite?
True
Is 43249 a composite number?
True
Is 88589 a composite number?
False
Is 59 composite?
False
Is 61927 a prime number?
True
Is 7817 a composite number?
False
Is 925339 composite?
False
Is 122735 composite?
True
Is 1560367 a composite number?
True
Is 15959 composite?
False
Is 1357 composite?
True
Is 13517 composite?
True
Is 39335 a prime number?
False
Is 2374 composite?
True
Is 21815 a prime number?
False
Is 15119 a prime number?
False
Is 10007 a prime number?
True
Is 259019 a composite number?
False
Is 7351 a composite number?
False
Is 41729 prime?
True
Is 4001534 composite?
True
Is 324861 a prime number?
False
Is 27717 prime?
False
Is 28687 a composite number?
False
Is 24989 a prime number?
True
Is 9719 a prime number?
True
Is 39157 a prime number?
True
Is 34631 prime?
True
Is 147109 a prime number?
False
Is 781 prime?
False
Is 13781 a composite number?
False
Is 106427 prime?
True
Is 6823 composite?
False
Is 6047 a prime number?
True
Is 54931 a composite number?
True
Is 42433 a prime number?
True
Is 1229449 a prime number?
False
Is 7349 prime?
True
Is 34913 a prime number?
True
Is 34757 composite?
False
Is 1878647 composite?
True
Is 115057 prime?
True
Is 55985 a prime number?
False
Is 8128955 a prime number?
False
Is 16871 a prime number?
True
Is 701 composite?
False
Is 101021 prime?
True
Is 871581 prime?
False
Is 1989957 composite?
True
Is 208207 a prime number?
True
Is 1466833 prime?
True
Is 744451 prime?
True
Is 217391 composite?
True
Is 75865 composite?
True
Is 124247 composite?
False
Is 51079 a composite number?
True
Is 4367 composite?
True
Is 18539 composite?
False
Is 4979 composite?
True
Is 14923 a prime number?
True
Is 233 a composite number?
False
Is 163798 composite?
True
Is 2649241 composite?
True
Is 2957 composite?
False
Is 33703 composite?
False
Is 9277 a composite number?
False
Is 80141 a prime number?
True
Is 3554 composite?
True
Is 37717 prime?
True
Is 95311 a composite number?
False
Is 5917 prime?
False
Is 321505 a composite number?
True
Is 196961 composite?
False
Is 7493 a prime number?
False
Is 19289 a composite number?
False
Is 17707 a composite number?
False
Is 1707 a prime number?
False
Is 6119 prime?
False
Is 2265163 a composite number?
False
Is 125453 prime?
True
Is 179161 a prime number?
True
Is 54683 a prime number?
False
Is 356621 a prime number?
True
Is 23159 a prime number?
True
Is 44839 a composite number?
False
Is 317173 a prime number?
False
Is 116989 prime?
True
Is 66749 prime?
True
Is 290401 a composite number?
True
Is 114259 a prime number?
True
Is 1178263 composite?
False
Is 491 a prime number?
True
Is 674459 prime?
False
Is 2223835 prime?
False
Is 6673 prime?
True
Is 70541 a prime number?
False
Is 4373 a prime number?
True
Is 70709 a composite number?
False
Is 13859 a prime number?
True
Is 1407749 composite?
True
Is 25301 a composite number?
False
Is 1594 a composite number?
True
Is 29338 a prime number?
False
Is 18457 a prime number?
True
Is 48579 composite?
True
Is 44179 composite?
False
Is 9197 a composite number?
True
Is 4237 prime?
False
Is 83969 prime?
True
Is 4127806 a composite number?
True
Is 5193133 a composite number?
True
Is 194963 a prime number?
True
Is 7763 composite?
True
Is 185893 composite?
False
Is 26941 a prime number?
False
Is 15709 prime?
False
Is 12527 prime?
True
Is 51323 composite?
True
Is 14689 composite?
True
Is 651901 a prime number?
True
Is 403817 a composite number?
False
Is 20051 prime?
True
Is 349079 a prime number?
True
Is 546374 prime?
False
Is 15391 a prime number